{"id":1778,"date":"2018-10-20T22:46:27","date_gmt":"2018-10-20T20:46:27","guid":{"rendered":"https:\/\/www.patterny.de\/?page_id=1778"},"modified":"2021-06-30T22:23:33","modified_gmt":"2021-06-30T20:23:33","slug":"allgemeine-geschaeftsbedingungen","status":"publish","type":"page","link":"https:\/\/www.handmadekultur.de\/schnittmuster\/allgemeine-geschaeftsbedingungen\/","title":{"rendered":"Allgemeine Gesch\u00e4ftsbedingungen"},"content":{"rendered":"<h3>1. Geltungsbereich<\/h3>\n<p>Die nachfolgenden AGB gelten f\u00fcr jeden, der sich als Nutzer der auf der Internetplattform Patterny (\u201edie Plattform\u201c) enthaltenen Angebote registrieren l\u00e4sst (\u201eder Nutzer\u201c), und zwar auch dann, wenn der Zugriff auf die Plattform von au\u00dferhalb der Bundesrepublik Deutschland erfolgt oder der Aufruf durch eine andere URL als der von <a href=\"http:\/\/www.patterny.de\/\" rel=\"nofollow\">http:\/\/www.patterny.de<\/a> erfolgt (z. B.\u00a0<a href=\"http:\/\/www.patterny.com\/\" rel=\"nofollow\">http:\/\/www.patterny.com<\/a>) Die Plattform <a href=\"http:\/\/www.patterny.de\/\" rel=\"nofollow\">http:\/\/www.patterny.de<\/a> wird vom Diensteanbieter: Handmade Kultur, D\u00f6rte Brilling, mit Sitz in Bremerv\u00f6rde betrieben.<\/p>\n<h3>2. \u00c4nderungen der AGB\/K\u00fcndigungsrecht<\/h3>\n<p>Handmade Kultur beh\u00e4lt sich das Recht vor, jederzeit diese AGB zu \u00e4ndern. \u00dcber die \u00c4nderungen wird Handmade Kultur auf der Plattform informieren. F\u00fcr Rechtshandlungen, die vor der \u00c4nderung vorgenommen wurden, gelten die urspr\u00fcnglichen Bedingungen fort. Die \u00c4nderungen der AGB gelten als vom Nutzer genehmigt, wenn er Angebote der Plattform nach Ablauf eines Monats nach Inkrafttreten der neuen AGB weiterhin nutzt oder nicht innerhalb von zwei Monaten nach Inkrafttreten der \u00c4nderungen k\u00fcndigt.<\/p>\n<h3>3. Anerkennung der AGB als Vertragsgrundlage\/ AGB derKooperationspartner<\/h3>\n<p>Mit dem Antrag auf Registrierung und der Registrierung durch Handmade Kultur kommt ein Nutzungsvertrag zwischen Handmade Kultur und dem Nutzer zustande (\u201eder Nutzungsvertrag\u201c). Der Nutzer erkennt mit seinem Antrag die Geltung dieser Allgemeinen Gesch\u00e4ftsbedingungen und aller unter 1. genannten Besonderen Nutzungsbedingungen als Grundlage des Nutzungsvertrags an.<br \/>\nSofern Leistungen und Waren von Kooperationspartnern von Handmade Kultur angeboten werden (z. B. im Hinblick auf Content, Services, Produkte, etc.), wird Handmade Kultur im Hinblick auf diese Leistungen und Waren nicht Vertragspartner des Nutzers. Diese Vertr\u00e4ge werden allein zwischen dem Nutzer und dem Kooperationspartner geschlossen. Es gelten ausschlie\u00dflich die etwaigen Allgemeinen Gesch\u00e4ftsbedingungen der Kooperationspartner.<\/p>\n<h3>4. Abschluss des Nutzungsvertrages und Registrierung\/ Nutzungsberechtigung<\/h3>\n<p>4.1 Eine Inanspruchnahme der Leistungen der Plattform bedarf des Abschlusses eines Nutzungsvertrags. Dieser kommt durch den Antrag auf Registrierung des Nutzers und die Registrierung des Nutzers durch Handmade Kultur zustande.<br \/>\nDie Registrierung setzt voraus, dass der Nutzer<br \/>\n\u2013 die in der Registrierungsmaske abgefragten Daten \u00fcbermittelt (\u201eRegistrierung\u201c) und<br \/>\n\u2013 entweder eine unbeschr\u00e4nkt gesch\u00e4ftsf\u00e4hige nat\u00fcrliche Personen \u00fcber 18 Jahre oder eine juristische Person oder eine Handelsgesellschaft gem. \u00a7 6 HGB ist.<\/p>\n<p>Es besteht kein Rechtsanspruch auf Registrierung. Handmade Kultur ist berechtigt, die Registrierung, d. h. den Abschluss des Nutzungsvertrags, ohne Angabe von Gr\u00fcnden zu verweigern.<br \/>\n4.2 Die Nutzung kostenpflichtiger Dienste setzt zus\u00e4tzlich voraus, dass der Nutzer einen Wohnsitz bzw. Sitz in Deutschland oder einem anderen Mitgliedstaat des Europ\u00e4ischen Wirtschaftsraumes oder in der Schweiz hat. Bei Wohnsitz- oder Sitzverlegung in andere Gebiete entf\u00e4llt diese Berechtigung. Der Nutzer ist verpflichtet, Handmade Kultur \u00fcber einen solchen Wechsel unverz\u00fcglich zu unterrichten.<\/p>\n<h3>5. Widerrufsrecht<\/h3>\n<p>Der durch die Annahme des Registrierungsantrags zu Stande gekommene Nutzungsvertrag kann vom Nutzer innerhalb von zwei Wochen nach Eingang der Registrierungsmitteilung schriftlich widerrufen werden. Der Widerruf ist per E-Mail an <a href=\"mailto:kontakt@patterny.de\">kontakt@patterny.de<\/a> zu senden. Im Betreff sollte \u201eWiderruf Registrierung patterny.de\u201c angegeben werden. Zur Fristwahrung gen\u00fcgt, dass der Widerruf rechtzeitig abgesendet wird. Wird der Widerruf rechtzeitig erkl\u00e4rt, so ist der Nutzer nicht an den Nutzungsvertrag und diese AGB gebunden. Dieses Widerrufsrecht erlischt, sobald der Nutzer bereits eine Leistung der Plattform in Anspruch genommen hat.<\/p>\n<h3>6. K\u00fcndigung<\/h3>\n<p>6.1 Handmade Kultur hat das Recht, den Nutzungsvertrag jederzeit ohne Angabe von Gr\u00fcnden zu k\u00fcndigen und die Registrierung zur\u00fcckzunehmen. Damit entf\u00e4llt die Berechtigung zur Inanspruchnahme der Angebote der Plattform.<br \/>\nUnabh\u00e4ngig davon wird Handmade Kultur insbesondere dann k\u00fcndigen und die Registrierung zur\u00fccknehmen, wenn bei der Anmeldung falsche Angaben gemacht worden sind, Registrierungsvoraussetzungen entfallen, gegen die Bestimmungen dieser AGB und der unter 1. aufgef\u00fchrten besonderen Bedingungen versto\u00dfen wird oder ernstzunehmende Hinweise auf die Vornahme rechtswidriger Handlungen durch den Nutzer vorliegen.<br \/>\nDie Registrierung wird dem Nutzer auf der entsprechenden Best\u00e4tigungsseite mitgeteilt, die K\u00fcndigung der Registrierung schriftlich, per Fax oder per elektronischer Post (E-Mail).<br \/>\n6.2 Der Nutzer hat das Recht, den Nutzungsvertrag jederzeit ohne Angabe von Gr\u00fcnden zu k\u00fcndigen. K\u00fcndigt er, wird Handmade Kultur nach Eingang der Erkl\u00e4rung die Registrierung zur\u00fcckzunehmen. Die K\u00fcndigung ist in Textform per E-Mail an <a href=\"mailto:kontakt@patterny.de\">kontakt@patterny.de<\/a> zu richten.<\/p>\n<h3>7. Newsletter-Abonnement<\/h3>\n<p>7.1 Mit der Registrierung auf Patterny durch den Nutzer best\u00e4tigt der Nutzer ebenfalls den regelm\u00e4\u00dfigen Empfang des Newsletter an die bei der Registrierung angegebene E-Mail-Adresse. Der Empfang des Newsletters kann jederzeit durch den Nutzer gek\u00fcndigt werden. Die K\u00fcndigung erfolgt \u00fcber eine Abmelde-E-Mail von Patterny, die am Ende eines jeden Newsletters aufgef\u00fchrt wird.<\/p>\n<h3>8. Individuelles Passwort<\/h3>\n<p>Mit der Registrierung erh\u00e4lt jeder Nutzer ein individuelles Passwort. Der Nutzer darf das Passwort Dritten nicht offenbaren und hat es sorgf\u00e4ltig zu verwahren, um Missbr\u00e4uche auszuschlie\u00dfen.<br \/>\nEr ist verpflichtet, Handmade Kultur unverz\u00fcglich zu informieren, wenn das Passwort verloren gegangen ist oder wenn ihm bekannt wird, dass von ihm nicht befugte Dritte von dem Passwort Kenntnis erlangt haben. Sofern der Nutzer nicht den Beweis erbringt, dass ein Dritter den Zugang zum Social Network Handmade Kultur ohne seine Zustimmung genutzt hat, werden alle \u00fcber den Zugang abgegebenen Erkl\u00e4rungen (z. B. Bestellungen) dem Nutzer zugerechnet. Der Nutzer haftet f\u00fcr jeden Missbrauch Dritter, soweit er nicht den Beweis erbringt, dass ihn hieran kein Verschulden trifft.<\/p>\n<h3>9. Datenerhebung, Datenschutz, Gew\u00e4hrleistungsbeschr\u00e4nkung<\/h3>\n<p>Handmade Kultur wird die bei der Registrierung und bei der Nutzung der Leistungen erhobenen, verarbeiteten und gespeicherten Daten des Nutzers nur innerhalb von Handmade Kultur nutzen und nicht an Dritte weitergeben, sofern hierzu keine gesetzlich oder beh\u00f6rdlich angeordnete Verpflichtung besteht oder eine Weitergabe zu Beweiszwecken erforderlich ist.<br \/>\nBei einer K\u00fcndigung von Handmade Kultur oder des Nutzers werden dessen Registrierung zur\u00fcckgenommen und alle \u00fcber ihn gespeicherten Daten innerhalb eines Monats nach Eingang der K\u00fcndigung gel\u00f6scht, sofern die Speicherung nicht zur Erf\u00fcllung und Abwicklung des bestehenden Rechtsverh\u00e4ltnisses oder zu Beweiszwecken erforderlich ist. Handmade Kultur \u00fcbernimmt keine Gew\u00e4hrleistung f\u00fcr die Sicherheit der Daten (Chatmitteilungen, Offline-Messages usw.)<\/p>\n<h3>10. \u00c4nderungen und Einstellung von Angeboten der Plattform<\/h3>\n<p>Der Nutzer hat keinen Anspruch auf Erbringung der Angebotsleistungen. Handmade Kultur beh\u00e4lt sich vor, jederzeit nach freiem Belieben und ohne Angabe von Gr\u00fcnden die Angebote und URL\u2019s der Plattform zu \u00e4ndern oder ganz einzustellen. Daraus erwachsen keinerlei Anspr\u00fcche der Nutzer gegen\u00fcber von Handmade Kultur, soweit dies nicht ausdr\u00fccklich anders in den Besonderen Bedingungen angegeben ist.<\/p>\n<h3>11. Haftung von Handmade Kultur<\/h3>\n<p>11.1 Handmade Kultur haftet unbeschr\u00e4nkt f\u00fcr Vorsatz und grobe Fahrl\u00e4ssigkeit.<br \/>\nF\u00fcr einfache Fahrl\u00e4ssigkeit haftet Handmade Kultur nur dann, wenn die gesetzlichen Vertreter oder Erf\u00fcllungsgehilfen eine Pflicht verletzen, die f\u00fcr die Erreichung des Vertragszwecks von wesentlicher Bedeutung ist (\u201eKardinalpflicht\u201c). In diesem Fall ist die Haftung auf den vorhersehbaren Schaden begrenzt.<br \/>\nDie vorstehende Haftungsbeschr\u00e4nkung gilt nicht f\u00fcr Anspr\u00fcche aus dem Produkthaftungsgesetz und bei Verletzung von Leben, K\u00f6rper und Gesundheit.<br \/>\nSoweit die Haftung von Handmade Kultur ausgeschlossen oder beschr\u00e4nkt ist, gilt dies auch f\u00fcr die pers\u00f6nliche Haftung der gesetzlichen Vertreter und Erf\u00fcllungsgehilfen von Handmade Kultur. Handmade Kultur gestattet in besonderen F\u00e4llen die Darstellung von Angaben mit kommerziellem Hintergrund, die auf Patterny entsprechend dargestellt werden (s. Abschnitte II und III).<br \/>\nDa die Erbringung der entsprechenden Leistungen (z. B. DIY-Bedarfsanbieter, Kursangebote) dem jeweiligen Leistungstr\u00e4ger\/Anbieter obliegt und nicht Gegenstand des mit Patterny bestehenden Vertragsverh\u00e4ltnisses ist, haftet Handmade Kultur nicht f\u00fcr diese, insbesondere nicht f\u00fcr Durchf\u00fchrung und Qualit\u00e4t.<br \/>\nDie verschiedenen Angaben zu den Leistungen beruhen auf denen der jeweiligen Leistungstr\u00e4ger\/Anbieter. Sie sind keine Zusicherung von Handmade Kultur. Handmade Kultur \u00fcbernimmt keine Gew\u00e4hr f\u00fcr die Richtigkeit, Vollst\u00e4ndigkeit, Aktualit\u00e4t oder sonstige Qualit\u00e4t solcher Inhalte und schlie\u00dft ihre Haftung insoweit aus.<\/p>\n<h3>12. Nutzungsrechtseinr\u00e4umung<\/h3>\n<p>12.1 Sofern ein Nutzer einen urheberrechtlich oder sonst rechtlich gesch\u00fctzten Beitrag (insbesondere Texte und\/oder Fotos) in die Plattform einstellt und ver\u00f6ffentlicht, z. B. Projekte, Anleitungen, Tipps, Fotos, Profileintr\u00e4ge oder Bewertungen oder Kommentare r\u00e4umt er Patterny damit unentgeltlich das Recht ein, den Beitrag beliebig oft und zeitlich und r\u00e4umlich unbeschr\u00e4nkt auf der Plattform sowie im Patterny Magazin (oder im Mobilfunk, Fernsehen, Presse und anderen Medienformen) zu pr\u00e4sentieren, \u00f6ffentlich zug\u00e4nglich zu machen, zu verbreiten und zum Abruf durch Dritte bereitzuhalten. Dieses Recht gilt auch f\u00fcr die Verwendung in Verlinkungen auf anderen Websites (z.B. RSS-Feeds, Suchmaschineneintr\u00e4gen).<br \/>\nDie Verwendung endet zu dem Zeitpunkt, in dem der User die genannten Beitr\u00e4ge vollst\u00e4ndig von der Plattform entfernt, mit Ausnahme solcher Verwendungen, mit denen bereits vor der Entfernung begonnen wurde (z.B. Verwendung in gedruckten Magazinen) oder auf die Patterny keinen direkten Zugriff hat (z. B. Links auf Fremdseiten).<br \/>\nEine Verwendung zu Werbezwecken (insbesondere im Rahmen von Anzeigen) findet erst nach R\u00fccksprache mit dem jeweiligen Urheber und dessen Zustimmung statt. Diese gesondert einger\u00e4umten Rechte verbleiben auch nach einer K\u00fcndigung des Nutzungsvertrags auf Dauer bei Patterny und den genannten Unternehmen.<br \/>\n12.2 Der Nutzer sichert durch das Einstellen seines Beitrags zu, dass er \u00fcber die hiermit einger\u00e4umten Rechte verf\u00fcgen darf und noch nicht anderweitig dar\u00fcber verf\u00fcgt hat.<br \/>\n12.3 Der Nutzer stellt Handmade Kultur von berechtigten Anspr\u00fcchen Dritter frei, die gegen Handmade Kultur, deren gesetzliche Vertreter und\/oder Erf\u00fcllungsgehilfen aufgrund der Nutzung geltend gemacht werden. Der Nutzer \u00fcbernimmt die dadurch bei Handmade Kultur, seinen gesetzlichen Vertretern und\/oder Erf\u00fcllungsgehilfen entstehenden gerichtlichen und au\u00dfergerichtlichen Kosten der Rechtsverteidigung.<\/p>\n<h3>13. Keine Pr\u00fcfungspflicht von Handmade Kultur f\u00fcr die Beitr\u00e4ge der Nutzer\/ Verantwortlichkeit des Nutzers f\u00fcr die von ihm gelieferten Inhalte\/ Freistellung<\/h3>\n<p>13.1 Handmade Kultur ist nicht verpflichtet, die Richtigkeit, Vollst\u00e4ndigkeit und Rechtm\u00e4\u00dfigkeit der Beitr\u00e4ge der Nutzer insbesondere im Community-Bereich zu \u00fcberpr\u00fcfen.<br \/>\n13.2 Der Nutzer haftet daf\u00fcr, dass die auf Grund der Inanspruchnahme der Plattform geladenen, gespeicherten, verbreiteten, \u00f6ffentlich zug\u00e4nglich gemachten, pr\u00e4sentierten und ver\u00f6ffentlichten Inhalte, und falls darin<br \/>\nVerweise auf andere Seiten enthalten sind, die Inhalte dieser Seiten nicht versto\u00dfen gegen<br \/>\n\u2013 gesetzliche Vorschriften und\/oder<br \/>\n\u2013 Rechte Dritter und\/oder<br \/>\n\u2013 gerichtliche oder beh\u00f6rdliche Verbote und\/oder<br \/>\n\u2013 die Umgangsformen und Verhaltensregeln im Internet (Netiquette, Chatiquette) und\/oder<br \/>\n\u2013 die guten Sitten<\/p>\n<p>Der Nutzer darf insbesondere keine Inhalte mit Hilfe der Angebote von Patterny laden, speichern, verbreiten, pr\u00e4sentieren, \u00f6ffentlich zug\u00e4nglich machen, ver\u00f6ffentlichen und auf sie verweisen oder verlinken, die<br \/>\n\u2013 Pers\u00f6nlichkeitsrechte und\/oder Schutzrechte Dritter verletzen oder beeintr\u00e4chtigen k\u00f6nnen und\/oder<br \/>\n\u2013 als verleumderisch oder gesch\u00e4ftssch\u00e4digend und\/oder<br \/>\n\u2013 als obsz\u00f6n, beleidigend, diffamierend, anst\u00f6\u00dfig, gewaltverherrlichend, pornografisch, bel\u00e4stigend, f\u00fcr<\/p>\n<p>Minderj\u00e4hrige ungeeignet, rassistisch, volksverhetzend, ausl\u00e4nderfeindlich, rechtsradikal oder als sonst verwerflich anzusehen sind, und\/oder<br \/>\n\u2013 Viren, Umgehungsvorrichtungen im Sinne des Zugangskontrolldienstegesetzes oder unaufgeforderte<\/p>\n<p>Massensendungen (so genannte \u201eSpam\u201c) enthalten oder darstellen, und\/oder<br \/>\n\u2013 zur Teilnahme an Kettenbrief-, Pyramidenspiel- und Gratisaktien-Aktionen auffordern und\/oder kommerzielle<\/p>\n<p>oder sonst werbliche Zwecke verfolgen.<br \/>\nVorstehendes gilt u.a. f\u00fcr Projekteintr\u00e4ge, Kursangebote, Inserate, Termine, Kommentare, Beitr\u00e4ge und Fotos.<\/p>\n<h3>14. L\u00f6schung von Beitr\u00e4gen<\/h3>\n<p>Patterny und seine Administratoren sind berechtigt, jederzeit nach ihrem alleinigen Belieben einzelne Beitr\u00e4ge oder Teile von Beitr\u00e4gen der Nutzer zu l\u00f6schen. Unabh\u00e4ngig von dem vorgenannten Recht wird Patterny Inhalte entfernen, die gegen Ziff. 12.2 versto\u00dfen. Inhalte im Sinne dieser Norm sind auch Software und sonstige Dateien und Verweise auf andere Inhalte. Ein Anspruch des Nutzers auf eine solche Ma\u00dfnahme, auch im Hinblick auf Beitr\u00e4ge Dritter, besteht jedoch nicht. Handmade Kultur wird die Nutzer im Regelfall \u00fcber die L\u00f6schung ihres Beitrages informieren. Ein Anspruch des Teilnehmers auf Information besteht nicht.<\/p>\n<h3>15. Schlussbestimmungen<\/h3>\n<p>Mitteilungen von Patterny an den Nutzer erfolgen per E-Mail. Die Nutzer erkl\u00e4ren sich einverstanden, dass sie von Handmade Kultur \u00fcber Neuerungen jeglicher Art der Plattform per E-Mail informiert werden k\u00f6nnen.<br \/>\nSofern f\u00fcr Erkl\u00e4rungen und Rechtsgesch\u00e4fte ein Datum und\/oder eine Uhrzeit ma\u00dfgeblich ist, ist das angezeigte Server-Datum und die angezeigte Server-Zeit von Handmade Kultur ausschlaggebend. Sollte eine Bestimmung dieser AGB unwirksam sein oder werden, so l\u00e4sst dies die Wirksamkeit der \u00fcbrigen Bestimmungen unber\u00fchrt. An die Stelle der unwirksamen Bestimmung soll eine wirksame Regelung treten, die dem wirtschaftlichen Ziel der unwirksamen Bestimmung m\u00f6glichst nahekommt.<\/p>\n<p>Handmade Kultur ist berechtigt, die Erbringung aller Dienstleistungen jederzeit ganz oder teilweise auf Dritte zu \u00fcbertragen. Auf alle Vertr\u00e4ge zwischen Handmade Kultur und den Nutzern ist das Recht der Bundesrepublik Deutschland unter Ausschluss des UN-Kaufrechts anwendbar.<br \/>\nF\u00fcr Nutzer, die Kaufleute sind, wird die Zust\u00e4ndigkeit der Hamburger Gerichte vereinbart. Diese Zust\u00e4ndigkeit gilt auch f\u00fcr Nicht-Kaufleute, sofern sie gem\u00e4\u00df der deutschen Zivilprozessordnung und des EuGV\u00dc vereinbart werden darf.<\/p>\n<p>Wir sind nicht bereit und nicht verpflichtet, an einem Streitbeilegungsverfahren vor einer Verbraucherschlichtungsstelle teilzunehmen.<\/p>\n","protected":false},"excerpt":{"rendered":"<p>1. Geltungsbereich Die nachfolgenden AGB gelten f\u00fcr jeden, der sich als Nutzer der auf der Internetplattform Patterny (\u201edie Plattform\u201c) enthaltenen Angebote registrieren l\u00e4sst (\u201eder Nutzer\u201c), und zwar auch dann, wenn der Zugriff auf die Plattform von au\u00dferhalb der Bundesrepublik Deutschland erfolgt oder der Aufruf durch eine andere URL als der von http:\/\/www.patterny.de erfolgt (z. B.\u00a0http:\/\/www.patterny.com)&hellip;<\/p>\n","protected":false},"author":14,"featured_media":0,"parent":0,"menu_order":0,"comment_status":"closed","ping_status":"closed","template":"","meta":{"footnotes":""},"class_list":["post-1778","page","type-page","status-publish","hentry"],"_links":{"self":[{"href":"https:\/\/www.handmadekultur.de\/schnittmuster\/wp-json\/wp\/v2\/pages\/1778","targetHints":{"allow":["GET"]}}],"collection":[{"href":"https:\/\/www.handmadekultur.de\/schnittmuster\/wp-json\/wp\/v2\/pages"}],"about":[{"href":"https:\/\/www.handmadekultur.de\/schnittmuster\/wp-json\/wp\/v2\/types\/page"}],"author":[{"embeddable":true,"href":"https:\/\/www.handmadekultur.de\/schnittmuster\/wp-json\/wp\/v2\/users\/14"}],"replies":[{"embeddable":true,"href":"https:\/\/www.handmadekultur.de\/schnittmuster\/wp-json\/wp\/v2\/comments?post=1778"}],"version-history":[{"count":7,"href":"https:\/\/www.handmadekultur.de\/schnittmuster\/wp-json\/wp\/v2\/pages\/1778\/revisions"}],"predecessor-version":[{"id":19924,"href":"https:\/\/www.handmadekultur.de\/schnittmuster\/wp-json\/wp\/v2\/pages\/1778\/revisions\/19924"}],"wp:attachment":[{"href":"https:\/\/www.handmadekultur.de\/schnittmuster\/wp-json\/wp\/v2\/media?parent=1778"}],"curies":[{"name":"wp","href":"https:\/\/api.w.org\/{rel}","templated":true}]}}