{"id":1602,"date":"2018-09-08T18:25:00","date_gmt":"2018-09-08T16:25:00","guid":{"rendered":"https:\/\/www.patterny.de\/?post_type=product&#038;p=1602"},"modified":"2018-12-14T15:19:59","modified_gmt":"2018-12-14T14:19:59","slug":"fransenweste-bibo","status":"publish","type":"product","link":"https:\/\/www.handmadekultur.de\/schnittmuster\/produkt\/fransenweste-bibo_1602\/","title":{"rendered":"Fransenweste &#8222;Bibo&#8220;"},"content":{"rendered":"<p><strong>PRODUKTION + STYLING:<\/strong> Ines Baric, <strong>FOTOS:<\/strong> Sophie Daum<\/p>\n<p><img loading=\"lazy\" decoding=\"async\" class=\"alignnone wp-image-1603\" src=\"https:\/\/www.handmadekultur.de\/schnittmuster\/wp-content\/uploads\/2018\/09\/CJ7B6187-705x1024.jpg\" alt=\"\" width=\"600\" height=\"872\" srcset=\"https:\/\/www.handmadekultur.de\/schnittmuster\/up\/2018\/09\/CJ7B6187-705x1024.jpg 705w, https:\/\/www.handmadekultur.de\/schnittmuster\/up\/2018\/09\/CJ7B6187-206x300.jpg 206w, https:\/\/www.handmadekultur.de\/schnittmuster\/up\/2018\/09\/CJ7B6187-600x872.jpg 600w, https:\/\/www.handmadekultur.de\/schnittmuster\/up\/2018\/09\/CJ7B6187.jpg 737w\" sizes=\"auto, (max-width: 600px) 100vw, 600px\" \/><\/p>\n<p>&nbsp;<\/p>\n<p><strong>WERKZEUG:<\/strong><\/p>\n<p>H\u00e4kelnadel 6\u20137<\/p>\n<p><strong>MATERIAL:<\/strong><\/p>\n<ul>\n<li>250 (300) g \u00bbFashion Jersey\u00ab z. B. von Rico Design in Rosa\/Fb 004, Laufl\u00e4nge 80 m\/50 g<\/li>\n<li>600 (700) g \u00bbSuper Big Color\u00ab z. B. von Wolle R\u00f6del in Bunt\/Fb 016, Laufl\u00e4nge 100 m\/100 g<\/li>\n<\/ul>\n<p><strong>UND SO GEHT&#8217;S:<\/strong><\/p>\n<p><strong>Wie wird das Gittermuster geh\u00e4kelt?<\/strong><br \/>\nACHTUNG: Die angeschlagene Maschenzahl muss durch<br \/>\n4 teilbar + 1 sein! *1 St\u00e4bchen, 3 Luftmaschen*, 1 St\u00e4bchen.<br \/>\nVon *bis* stets wiederholen. Am Reihenanfang das 1. St\u00e4bchen durch 3 Luftmaschen ersetzen. Am Ende der Reihe das letzte St\u00e4bchen in die 3. Wendeluftmasche h\u00e4keln.<\/p>\n<p><strong>Maschenprobe h\u00e4ngend gemessen:<\/strong><br \/>\n4 Gitterk\u00e4stchen in der Breite = 11 cm, 5 Gitterk\u00e4stchen in der H\u00f6he = 10 cm.<\/p>\n<p><img loading=\"lazy\" decoding=\"async\" class=\"alignnone wp-image-1605\" src=\"https:\/\/www.handmadekultur.de\/schnittmuster\/wp-content\/uploads\/2018\/09\/Bildschirmfoto-2018-09-08-um-18.30.55-876x1024.jpg\" alt=\"\" width=\"600\" height=\"702\" srcset=\"https:\/\/www.handmadekultur.de\/schnittmuster\/up\/2018\/09\/Bildschirmfoto-2018-09-08-um-18.30.55-876x1024.jpg 876w, https:\/\/www.handmadekultur.de\/schnittmuster\/up\/2018\/09\/Bildschirmfoto-2018-09-08-um-18.30.55-257x300.jpg 257w, https:\/\/www.handmadekultur.de\/schnittmuster\/up\/2018\/09\/Bildschirmfoto-2018-09-08-um-18.30.55-845x988.jpg 845w, https:\/\/www.handmadekultur.de\/schnittmuster\/up\/2018\/09\/Bildschirmfoto-2018-09-08-um-18.30.55-600x702.jpg 600w, https:\/\/www.handmadekultur.de\/schnittmuster\/up\/2018\/09\/Bildschirmfoto-2018-09-08-um-18.30.55.jpg 1194w\" sizes=\"auto, (max-width: 600px) 100vw, 600px\" \/><\/p>\n<p><strong>Vorder- und R\u00fcckenteil:<\/strong><br \/>\nZun\u00e4chst die Grundweste mit \u00bbFashion Jersey\u00ab im Gittermuster h\u00e4keln. Hierf\u00fcr 145 (161) Luftmaschen mit einer H\u00e4kelnadel N\u00b0\u20096 anschlagen und das Gittermuster h\u00e4keln.<br \/>\nNach der 1. Reihe sind 36 (40) K\u00e4stchen geh\u00e4kelt. In ca. 35 cm H\u00f6he = 17 Musterreihen die Arbeit teilen und die Vorderteile und das R\u00fcckenteil separat weiterh\u00e4keln.<\/p>\n<p>F\u00fcr ein <strong>Vorderteil<\/strong> 9 (10) K\u00e4stchen ab Vorderteilkante h\u00e4keln. F\u00fcr die Armausschnittschr\u00e4gung die Arbeit mit *3 Luftmaschen wenden und 1 St\u00e4bchen auf das St\u00e4bchen der Vorreihe h\u00e4keln. Reihe bis zum Ende h\u00e4keln. F\u00fcr den V-Ausschnitt die Arbeit mit 3 Luftmaschen wenden und 1 St\u00e4bchen auf das St\u00e4bchen der Vorreihe h\u00e4keln. Reihe endet mit 1 St\u00e4bchen*. Von *bis* noch 2\u2009x wiederholen.<\/p>\n<p>Es sind jetzt noch 3 (4) Gitterk\u00e4stchen vorhanden. In ca. 25\u2009cm H\u00f6he = 11 Gitterreihen ab Armausschnitt ist das Teil beendet.<\/p>\n<p>Das andere Vorderteil gegengleich arbeiten.<\/p>\n<p>Das <strong>R\u00fcckenteil<\/strong> \u00fcber die mittleren 18 (20) Gitterk\u00e4stchen h\u00e4keln und f\u00fcr die Armausschnitte beidseits 3\u2009x die Abnahme ausf\u00fchren. Es verbleiben 12 (14) Gitterk\u00e4stchen = je 3 (4) f\u00fcr die Schultern und 6 f\u00fcr den r\u00fcckw\u00e4rtigen Halsausschnitt.<\/p>\n<p><strong>Fertigstellung:<\/strong><br \/>\nDie Schulterk\u00e4stchen zusammenh\u00e4keln. Alle Kanten mit 1 Reihe fester Maschen umh\u00e4keln. F\u00fcr die Fransen F\u00e4den von ca. 25\u2009cm L\u00e4nge schneiden und jeweils 2 F\u00e4den an die Luftmaschenb\u00f6gen des Gittermusters ankn\u00fcpfen.<\/p>\n<p><strong>TIPP:<\/strong><br \/>\nWeil die Fransen im Bereich der Schulternaht auseinanderfallen k\u00f6nnen, hier anstatt 2 F\u00e4den 3\u20134 F\u00e4den in das Gitter kn\u00fcpfen.<\/p>\n","protected":false},"excerpt":{"rendered":"<h4>Fr\u00fchjahrsm\u00fcde? Sonnenhungrig? Hol die H\u00e4kelnadel raus und mach dich locker! Mit unserer Fransenweste im Tropicana-Look kann der Winter, Sommer, Fr\u00fchling, Herbst kommen &#8230;<\/h4>\n<h4>F\u00fcr die Gr\u00f6\u00dfen S\/M = 36\/38 und M\/L = 40\/42)<\/h4>\n<p><em>Scoll&#8216; etwas runter, wenn du wissen willst, wie es geht!<\/em><\/p>\n","protected":false},"featured_media":1606,"comment_status":"open","ping_status":"closed","template":"","meta":[],"product_brand":[],"product_cat":[201,66,205],"product_tag":[182,254,255,256,257,252,253],"class_list":{"0":"post-1602","1":"product","2":"type-product","3":"status-publish","4":"has-post-thumbnail","6":"product_cat-haekeln-anleitungen-damen","7":"product_cat-haekelanleitungen","8":"product_cat-weste","9":"product_tag-fashion","10":"product_tag-fransen","11":"product_tag-fransenweste","12":"product_tag-garn","13":"product_tag-haekeln","14":"product_tag-knuepfen","15":"product_tag-weste","17":"first","18":"instock","19":"taxable","20":"shipping-taxable","21":"purchasable","22":"product-type-simple"},"_links":{"self":[{"href":"https:\/\/www.handmadekultur.de\/schnittmuster\/wp-json\/wp\/v2\/product\/1602","targetHints":{"allow":["GET"]}}],"collection":[{"href":"https:\/\/www.handmadekultur.de\/schnittmuster\/wp-json\/wp\/v2\/product"}],"about":[{"href":"https:\/\/www.handmadekultur.de\/schnittmuster\/wp-json\/wp\/v2\/types\/product"}],"replies":[{"embeddable":true,"href":"https:\/\/www.handmadekultur.de\/schnittmuster\/wp-json\/wp\/v2\/comments?post=1602"}],"wp:featuredmedia":[{"embeddable":true,"href":"https:\/\/www.handmadekultur.de\/schnittmuster\/wp-json\/wp\/v2\/media\/1606"}],"wp:attachment":[{"href":"https:\/\/www.handmadekultur.de\/schnittmuster\/wp-json\/wp\/v2\/media?parent=1602"}],"wp:term":[{"taxonomy":"product_brand","embeddable":true,"href":"https:\/\/www.handmadekultur.de\/schnittmuster\/wp-json\/wp\/v2\/product_brand?post=1602"},{"taxonomy":"product_cat","embeddable":true,"href":"https:\/\/www.handmadekultur.de\/schnittmuster\/wp-json\/wp\/v2\/product_cat?post=1602"},{"taxonomy":"product_tag","embeddable":true,"href":"https:\/\/www.handmadekultur.de\/schnittmuster\/wp-json\/wp\/v2\/product_tag?post=1602"}],"curies":[{"name":"wp","href":"https:\/\/api.w.org\/{rel}","templated":true}]}}