{"id":1618,"date":"2018-09-09T16:34:44","date_gmt":"2018-09-09T14:34:44","guid":{"rendered":"https:\/\/www.patterny.de\/?post_type=product&#038;p=1618"},"modified":"2018-11-11T21:26:51","modified_gmt":"2018-11-11T20:26:51","slug":"beistelltisch-aus-nussbaumholz-und-kupferrohr-freebie","status":"publish","type":"product","link":"https:\/\/www.handmadekultur.de\/schnittmuster\/produkt\/beistelltisch-aus-nussbaumholz-und-kupferrohr-freebie_1618\/","title":{"rendered":"Beistelltisch aus Nussbaumholz und Kupferrohr (Freebie)"},"content":{"rendered":"<p><strong>IDEE + ANLEITUNG:<\/strong> HANDMADE Kultur, <strong>FOTOS:<\/strong> Karin Gerdes<\/p>\n<p><strong>Befreien wir das Kupferrohr aus den Sanit\u00e4recken der Baum\u00e4rkte und f\u00fchren es h\u00f6heren \u00e4sthetischen Zwecken zu! Das zart schimmernde Halbedelmetall l\u00e4sst sich super schneiden, stecken und kleben. Und mit Fittings (Verbindungsst\u00fccken wie Muffen) zu einem Beistelltisch \u00e0 la Eileen Gray zusammenbauen.<\/strong><\/p>\n<p><strong>SCHIERIGKEITSGRAD\u00a0 *<\/strong>*** (An der einen oder anderen Stelle empfiehlt sich die Unterst\u00fctzung durch eine zweite Frau oder Mann)<\/p>\n<p><strong>MATERIAL UND WERKZEUG<\/strong><br \/>\n&gt; Zollstock<br \/>\n&gt; Lineal<br \/>\n&gt; Stift<br \/>\n&gt; Rohrschneider (bis 16\u2009mm)<br \/>\n&gt; Zange<br \/>\n&gt; Handschuhe<br \/>\n&gt; Wasserwaage<br \/>\n&gt; Lein\u00f6l<\/p>\n<p>&gt; <strong>Kupferrohrzuschnitte<\/strong> (Durchmesser 15\u2009mm):<br \/>\n8 Stk. 22\u2009mm (Verbindungsst\u00fccke)<br \/>\n4 Stk. 564\u2009mm<br \/>\n4 Stk. 288\u2009mm<br \/>\n4 Stk. 314\u2009mm<\/p>\n<p>&gt; <strong>Holzplatte<\/strong> (40\u2009mm stark)<br \/>\n1 Stk. 310\u2009x\u2009625\u2009mm<\/p>\n<p>&gt; 8\u2009x <strong>T-St\u00fccke<\/strong> 15\u2009mm aus Kupfer<\/p>\n<p><img loading=\"lazy\" decoding=\"async\" class=\"alignnone size-full wp-image-1622\" src=\"https:\/\/www.handmadekultur.de\/schnittmuster\/wp-content\/uploads\/2018\/09\/CJ7B7782.jpg\" alt=\"\" width=\"600\" height=\"300\" srcset=\"https:\/\/www.handmadekultur.de\/schnittmuster\/up\/2018\/09\/CJ7B7782.jpg 600w, https:\/\/www.handmadekultur.de\/schnittmuster\/up\/2018\/09\/CJ7B7782-300x150.jpg 300w\" sizes=\"auto, (max-width: 600px) 100vw, 600px\" \/><\/p>\n<p>&gt; 8\u2009x\u2009 <strong>90\u00b0-Winkelmuffen<\/strong> 15\u2009mm aus Kupfer<\/p>\n<p><img loading=\"lazy\" decoding=\"async\" class=\"alignnone size-full wp-image-1623\" src=\"https:\/\/www.handmadekultur.de\/schnittmuster\/wp-content\/uploads\/2018\/09\/CJ7B7783.jpg\" alt=\"\" width=\"600\" height=\"300\" srcset=\"https:\/\/www.handmadekultur.de\/schnittmuster\/up\/2018\/09\/CJ7B7783.jpg 600w, https:\/\/www.handmadekultur.de\/schnittmuster\/up\/2018\/09\/CJ7B7783-300x150.jpg 300w\" sizes=\"auto, (max-width: 600px) 100vw, 600px\" \/><\/p>\n<p>&gt; Zweikomponentenkleber<br \/>\n&gt; 4 Anschlagpuffer zum Aufkleben<\/p>\n<p><strong>FERTIGMASS<\/strong><br \/>\n640(L)\u2009x\u2009400(B)\u2009x\u2009350(H)\u2009mm<\/p>\n<p><strong>UND SO GEHT&#8217;S<\/strong><\/p>\n<p><strong>1.<\/strong> Ma\u00dfe f\u00fcr Verbindungsst\u00fccke und Zwischenrohre auf Kupferrohrmeter \u00fcbertragen. Alle Teile mit dem Rohrschneider zuschneiden.<\/p>\n<p><img loading=\"lazy\" decoding=\"async\" class=\"alignnone size-full wp-image-1627\" src=\"https:\/\/www.handmadekultur.de\/schnittmuster\/wp-content\/uploads\/2018\/09\/4V7B1161.jpg\" alt=\"\" width=\"600\" height=\"300\" srcset=\"https:\/\/www.handmadekultur.de\/schnittmuster\/up\/2018\/09\/4V7B1161.jpg 600w, https:\/\/www.handmadekultur.de\/schnittmuster\/up\/2018\/09\/4V7B1161-300x150.jpg 300w\" sizes=\"auto, (max-width: 600px) 100vw, 600px\" \/><\/p>\n<p><strong>2.<\/strong> Die Verbindungsst\u00fccke verbinden T-St\u00fccke und Winkelmuffen. Vor dem Kleben alle Teile zusammenstecken und pr\u00fcfen, ob es passt.<\/p>\n<p><img loading=\"lazy\" decoding=\"async\" class=\"alignnone size-full wp-image-1621\" src=\"https:\/\/www.handmadekultur.de\/schnittmuster\/wp-content\/uploads\/2018\/09\/4V7B1164.jpg\" alt=\"\" width=\"600\" height=\"300\" srcset=\"https:\/\/www.handmadekultur.de\/schnittmuster\/up\/2018\/09\/4V7B1164.jpg 600w, https:\/\/www.handmadekultur.de\/schnittmuster\/up\/2018\/09\/4V7B1164-300x150.jpg 300w\" sizes=\"auto, (max-width: 600px) 100vw, 600px\" \/><\/p>\n<p><strong>3.<\/strong> Beginnt mit dem Verkleben der Seitenteile. Der Zweikomponentenkleber wird ins Innere der Rohre(!) aufgetragen. Hier m\u00fcsst ihr sehr z\u00fcgig arbeiten. Alles schnell zusammenstecken, fest zusammen\u00addr\u00fccken und trocknen lassen.<\/p>\n<p><strong>4.<\/strong> Beim Zusammenbau der restlichen Teile holt ihr euch am besten Hilfe. Wie in vorherigem Schritt Kleber in die Rohrenden streichen, z\u00fcgig zusammensetzen und \u2013 ganz wichtig \u2013 alles im rechten Winkel ausrichten! Trocknen lassen!<\/p>\n<p><strong>5.<\/strong> Holzplatte mit den o.\u2009a. Ma\u00dfen zuschneiden (lassen), Kanten brechen und mit Lein\u00f6l versiegeln. Damit die Platte zwischen den Querstreben \u00bbeinrasten\u00ab kann, werden an den entsprechenden Stellen Gumminupsis auf die Unterseite der Platte geklebt.<\/p>\n","protected":false},"excerpt":{"rendered":"<h4>F\u00fcr einen echten Bauhaus-Klassiker reichen die Taler nicht? Dann macht ihn euch selbst: mit Kupferrohr und Fittings aus der Badabteilung.<\/h4>\n<p><em>F\u00fcr die Anleitung scrolle einfach ein bisschen runter.<\/em><\/p>\n","protected":false},"featured_media":1624,"comment_status":"open","ping_status":"closed","template":"","meta":[],"product_brand":[],"product_cat":[211],"product_tag":[263,268,242,261,262,264],"class_list":{"0":"post-1618","1":"product","2":"type-product","3":"status-publish","4":"has-post-thumbnail","6":"product_cat-holzwerken","7":"product_tag-beistelltisch","8":"product_tag-design-klassiker","9":"product_tag-furniture","10":"product_tag-kupferrohr","11":"product_tag-moebelbau","12":"product_tag-tisch","14":"first","15":"instock","16":"taxable","17":"shipping-taxable","18":"product-type-simple"},"_links":{"self":[{"href":"https:\/\/www.handmadekultur.de\/schnittmuster\/wp-json\/wp\/v2\/product\/1618","targetHints":{"allow":["GET"]}}],"collection":[{"href":"https:\/\/www.handmadekultur.de\/schnittmuster\/wp-json\/wp\/v2\/product"}],"about":[{"href":"https:\/\/www.handmadekultur.de\/schnittmuster\/wp-json\/wp\/v2\/types\/product"}],"replies":[{"embeddable":true,"href":"https:\/\/www.handmadekultur.de\/schnittmuster\/wp-json\/wp\/v2\/comments?post=1618"}],"wp:featuredmedia":[{"embeddable":true,"href":"https:\/\/www.handmadekultur.de\/schnittmuster\/wp-json\/wp\/v2\/media\/1624"}],"wp:attachment":[{"href":"https:\/\/www.handmadekultur.de\/schnittmuster\/wp-json\/wp\/v2\/media?parent=1618"}],"wp:term":[{"taxonomy":"product_brand","embeddable":true,"href":"https:\/\/www.handmadekultur.de\/schnittmuster\/wp-json\/wp\/v2\/product_brand?post=1618"},{"taxonomy":"product_cat","embeddable":true,"href":"https:\/\/www.handmadekultur.de\/schnittmuster\/wp-json\/wp\/v2\/product_cat?post=1618"},{"taxonomy":"product_tag","embeddable":true,"href":"https:\/\/www.handmadekultur.de\/schnittmuster\/wp-json\/wp\/v2\/product_tag?post=1618"}],"curies":[{"name":"wp","href":"https:\/\/api.w.org\/{rel}","templated":true}]}}