{"id":1683,"date":"2018-10-05T11:44:19","date_gmt":"2018-10-05T09:44:19","guid":{"rendered":"https:\/\/www.patterny.de\/?post_type=product&#038;p=1683"},"modified":"2025-04-29T19:50:25","modified_gmt":"2025-04-29T19:50:25","slug":"guerteltasche-lola-mit-schnittmuster","status":"publish","type":"product","link":"https:\/\/www.handmadekultur.de\/schnittmuster\/produkt\/guerteltasche-lola-mit-schnittmuster_1683\/","title":{"rendered":"G\u00fcrteltasche Lola (mit Schnittmuster)"},"content":{"rendered":"<p>Ihr ben\u00f6tigt:<\/p>\n<p><strong>Stoffverbrauch<\/strong><\/p>\n<ul>\n<li>Tasche: 65 cm breit x 35 cm lang<\/li>\n<li>Gurt: 8\u201310 cm breit x individuelle G\u00fcrtell\u00e4nge (z. B. 100cm) <strong>oder<\/strong><\/li>\n<li>Gurtband: 4 cm breit x individuelle L\u00e4nge<\/li>\n<\/ul>\n<p><strong>Sonstiges<\/strong><\/p>\n<ul>\n<li>2 Rei\u00dfverschl\u00fcsse \u00e0 18\u2009cm<\/li>\n<li>1 passende Schnalle (3,5 cm)<\/li>\n<li>5 Druckkn\u00f6pfe (z.\u2009B. \u00bbAnorak\u00ab von Prym)<\/li>\n<li>eventuell etwas B\u00fcgelvlies<\/li>\n<li>N\u00e4hgarn<\/li>\n<\/ul>\n<p><em>Schnittmuster und Anleitung stehen dir als separate PDFs nach Abschluss des Bezahlvorganges sofort als Download zur Verf\u00fcgung.<\/em><\/p>\n","protected":false},"excerpt":{"rendered":"<p><strong>F\u00fcr alle Fusion-Fans, Discog\u00e4nger und Nordicwalker! G\u00fcrteltasche Lola macht nicht nur als praktisches Utensilo f\u00fcr Handy, Schl\u00fcssel &amp; Co. eine gute Figur, sondern auch als stylisches Accessoires einmal quer \u00fcber die Schultern!<\/strong><\/p>\n<p><strong>Schwierigkeitsgrad: **<\/strong>\/***<\/p>\n<p>(Kim hat beim Gro\u00dfen Patterny N\u00e4hcontest mit ihrer Umsetzung der Lola in Kork (siehe Galerie) den 3. Platz belegt. Der Verschluss war in diesem Fall eine Eigenentwicklung.)<\/p>\n","protected":false},"featured_media":1688,"comment_status":"open","ping_status":"closed","template":"","meta":[],"product_brand":[],"product_cat":[197,186,392,403,187,166,239,204],"product_tag":[304,306,303,305,184,168],"class_list":{"0":"post-1683","1":"product","2":"type-product","3":"status-publish","4":"has-post-thumbnail","6":"product_cat-accessoires-deko","7":"product_cat-schnittmuster-fuer-damen","8":"product_cat-damen","9":"product_cat-geschenke","10":"product_cat-schnittmuster-fuer-herren","11":"product_cat-schnittmuster","12":"product_cat-startseite","13":"product_cat-schnittmuster-fuer-taschen","14":"product_tag-bauchtasche","15":"product_tag-doggy-bag","16":"product_tag-guerteltasche","17":"product_tag-huefttasche","18":"product_tag-naehen","19":"product_tag-schnittmuster","21":"first","22":"instock","23":"downloadable","24":"virtual","25":"taxable","26":"purchasable","27":"product-type-simple"},"_links":{"self":[{"href":"https:\/\/www.handmadekultur.de\/schnittmuster\/wp-json\/wp\/v2\/product\/1683","targetHints":{"allow":["GET"]}}],"collection":[{"href":"https:\/\/www.handmadekultur.de\/schnittmuster\/wp-json\/wp\/v2\/product"}],"about":[{"href":"https:\/\/www.handmadekultur.de\/schnittmuster\/wp-json\/wp\/v2\/types\/product"}],"replies":[{"embeddable":true,"href":"https:\/\/www.handmadekultur.de\/schnittmuster\/wp-json\/wp\/v2\/comments?post=1683"}],"wp:featuredmedia":[{"embeddable":true,"href":"https:\/\/www.handmadekultur.de\/schnittmuster\/wp-json\/wp\/v2\/media\/1688"}],"wp:attachment":[{"href":"https:\/\/www.handmadekultur.de\/schnittmuster\/wp-json\/wp\/v2\/media?parent=1683"}],"wp:term":[{"taxonomy":"product_brand","embeddable":true,"href":"https:\/\/www.handmadekultur.de\/schnittmuster\/wp-json\/wp\/v2\/product_brand?post=1683"},{"taxonomy":"product_cat","embeddable":true,"href":"https:\/\/www.handmadekultur.de\/schnittmuster\/wp-json\/wp\/v2\/product_cat?post=1683"},{"taxonomy":"product_tag","embeddable":true,"href":"https:\/\/www.handmadekultur.de\/schnittmuster\/wp-json\/wp\/v2\/product_tag?post=1683"}],"curies":[{"name":"wp","href":"https:\/\/api.w.org\/{rel}","templated":true}]}}