{"id":4386,"date":"2019-05-10T16:06:11","date_gmt":"2019-05-10T14:06:11","guid":{"rendered":"https:\/\/www.patterny.de_4386\/?post_type=product&#038;p=4386"},"modified":"2025-04-29T19:37:31","modified_gmt":"2025-04-29T19:37:31","slug":"kurzarm-shirt-imke-mit-schnittmuster","status":"publish","type":"product","link":"https:\/\/www.handmadekultur.de\/schnittmuster\/produkt\/kurzarm-shirt-imke-mit-schnittmuster_4386\/","title":{"rendered":"Kurzarm-Shirt Imke (mit Schnittmuster)"},"content":{"rendered":"<p>Und das ben\u00f6tigt ihr:<\/p>\n<p><strong>Stoffverbrauch:<\/strong><\/p>\n<ul>\n<li>Gr. XS bis M: 90 cm bei 150er Stoffbreite<\/li>\n<li>Gr. L bis XXL: 165 cm bei 150er Stoffbreite<\/li>\n<li>ggf. Fertigb\u00fcndchen<\/li>\n<\/ul>\n<p><strong>Werkzeuge:<\/strong><\/p>\n<ul>\n<li>N\u00e4hmaschine<\/li>\n<li>ggf. Overlock<\/li>\n<li>Schere<\/li>\n<li>Stecknadeln od. N\u00e4hclips<\/li>\n<li>Garn<\/li>\n<li>Ma\u00dfband<\/li>\n<li>Schneiderkreide<\/li>\n<li>f\u00fcr Jersey und Sweatshirtstoff: Jersey-Nadel f\u00fcr die N\u00e4hmaschine<\/li>\n<\/ul>\n","protected":false},"excerpt":{"rendered":"<p>Das HANDMADE Kultur Schnittmuster \u201eImke\u201c f\u00fcr Frauen ist <strong>ein cooles Basicteil in den Gr\u00f6\u00dfen XS <\/strong>(Gr. 32)<strong> bis XXL <\/strong>(Gr. 52). Das Kurzarm Shirt sitzt l\u00e4ssig auf der H\u00fcfte und umspielt sanft die eine oder andere Kurve. Die Armb\u00fcndchen k\u00f6nnen sowohl mit Stoff als auch mit Fertigb\u00fcndchen umgesetzt werden. Dieses N\u00e4hprojekt eignet sich wunderbar f\u00fcr N\u00e4hanf\u00e4ngerinnen! ACHTUNG: Dieses Schnittmuster ist auch f\u00fcr<strong> oversized Gr\u00f6\u00dfen!<\/strong><\/p>\n<p><strong>GR\u00d6SSEN:<\/strong> XS bis XXL<\/p>\n<p><strong>SCHWIERIGKEITSGRAD: *<\/strong>\/****<\/p>\n","protected":false},"featured_media":4405,"comment_status":"open","ping_status":"closed","template":"","meta":[],"product_brand":[],"product_cat":[186,166,196],"product_tag":[420,329,418,421,184,168,180,419],"class_list":{"0":"post-4386","1":"product","2":"type-product","3":"status-publish","4":"has-post-thumbnail","6":"product_cat-schnittmuster-fuer-damen","7":"product_cat-schnittmuster","8":"product_cat-shirt","9":"product_tag-fertigbuendchen","10":"product_tag-jersey","11":"product_tag-kurzarmshirt","12":"product_tag-naehanfaenger","13":"product_tag-naehen","14":"product_tag-schnittmuster","15":"product_tag-shirt","16":"product_tag-t-shirt","18":"first","19":"instock","20":"downloadable","21":"taxable","22":"shipping-taxable","23":"purchasable","24":"product-type-simple"},"_links":{"self":[{"href":"https:\/\/www.handmadekultur.de\/schnittmuster\/wp-json\/wp\/v2\/product\/4386","targetHints":{"allow":["GET"]}}],"collection":[{"href":"https:\/\/www.handmadekultur.de\/schnittmuster\/wp-json\/wp\/v2\/product"}],"about":[{"href":"https:\/\/www.handmadekultur.de\/schnittmuster\/wp-json\/wp\/v2\/types\/product"}],"replies":[{"embeddable":true,"href":"https:\/\/www.handmadekultur.de\/schnittmuster\/wp-json\/wp\/v2\/comments?post=4386"}],"wp:featuredmedia":[{"embeddable":true,"href":"https:\/\/www.handmadekultur.de\/schnittmuster\/wp-json\/wp\/v2\/media\/4405"}],"wp:attachment":[{"href":"https:\/\/www.handmadekultur.de\/schnittmuster\/wp-json\/wp\/v2\/media?parent=4386"}],"wp:term":[{"taxonomy":"product_brand","embeddable":true,"href":"https:\/\/www.handmadekultur.de\/schnittmuster\/wp-json\/wp\/v2\/product_brand?post=4386"},{"taxonomy":"product_cat","embeddable":true,"href":"https:\/\/www.handmadekultur.de\/schnittmuster\/wp-json\/wp\/v2\/product_cat?post=4386"},{"taxonomy":"product_tag","embeddable":true,"href":"https:\/\/www.handmadekultur.de\/schnittmuster\/wp-json\/wp\/v2\/product_tag?post=4386"}],"curies":[{"name":"wp","href":"https:\/\/api.w.org\/{rel}","templated":true}]}}