{"id":20431,"date":"2012-01-12T10:39:13","date_gmt":"2012-01-12T09:39:13","guid":{"rendered":"http:\/\/www.handmadekultur.de\/shop\/?post_type=product&#038;p=20431"},"modified":"2024-02-29T04:49:37","modified_gmt":"2024-02-29T03:49:37","slug":"handmade-kultur-magazin-022012","status":"publish","type":"product","link":"https:\/\/www.handmadekultur.de\/shop\/produkt\/handmade-kultur-magazin-022012","title":{"rendered":"Handmade Kultur Magazin 02\/2012"},"content":{"rendered":"<p><strong>Mit Anleitungen zum Selbermachen:<\/strong><\/p>\n<ol>\n<li>Coole Schnalle: Der<strong> <em>G\u00fcrtel<\/em><\/strong> aus Dosenverschl\u00fcssen<\/li>\n<li>Bunt gegen Grau: Der <strong><em>Regenmantel<\/em><\/strong> zum Selbern\u00e4hen mit Schnittmuster zum Anfordern<\/li>\n<li>F\u00fcrst in \u00d6l: <strong><em>Prints<\/em><\/strong> auf T-Shirts mit Lavendel\u00f6l<\/li>\n<li>Balanceakt: Der <strong><em>Hometrainer<\/em><\/strong> zum Selberbauen und Gestalten<\/li>\n<li>Der Dschungel zu Haus\u2019:<strong> <em>Tapetentiere<\/em><\/strong> zum Selbermachen<\/li>\n<li>Trommelfeuer: Das Bastelprojekt f\u00fcr Kinder \u2013 die<strong> <em>Topftrommel<\/em><\/strong><\/li>\n<li>Crashkurs: Wie n\u00e4he ich eine <strong><em>Briefecke<\/em><\/strong>?<\/li>\n<\/ol>\n<p><a class=\"zoom\" href=\"http:\/\/www.handmadekultur.de\/up\/2011\/02\/Inhalt_Heft4_Web.jpg\"><img loading=\"lazy\" decoding=\"async\" title=\"Inhalt_Heft4_Web\" src=\"http:\/\/www.handmadekultur.de\/up\/2011\/02\/Inhalt_Heft4_Web.jpg\" alt=\"\" width=\"500\" height=\"310\" \/><\/a><\/p>\n<p><strong>Und au\u00dferdem:<\/strong><\/p>\n<p><em>Inga Wellmann<\/em> erl\u00e4utert, wo man in Deutschland Geld herbekommt, wenn einem die Bank nichts geben will. Nat\u00fcrlich um damit sein eigenes Business zu rocken.<\/p>\n<p><em>Jan-Oliver Lange<\/em>, Veranstalter eines der gr\u00f6\u00dften Poetry-Slams Deutschlands, erz\u00e4hlt, wie das war, als er dachte: Das will ich auch machen!<\/p>\n<p><em>Florian Loycke<\/em>, Theatermacher und Puppenbauer, erkl\u00e4rt sich den Erfolg der Berliner Puppenb\u00fchne \u201eDas Helmi\u201c auch damit, dass jeder alles macht und alle selbst machen.<\/p>\n<p><em>Isabell Neher<\/em>, Grafikerin aus Crailsheim, zeigt auf, welches Potenzial im gemeinsamen Tun liegt, und appelliert an alle Frauen mitzumachen.<\/p>\n<p>Und <em>Tine Nowak<\/em>? Die feiert mit vielen anderen das Fest des \u201eTu es du selbst!\u201c und lehrt uns, dass Selbermachen viel mehr sein kann als an Basteltischen zu sitzen und sich einen Schl\u00fcsselanh\u00e4nger zu n\u00e4hen. Aber das ist es eben auch!<br \/>\nUnd nat\u00fcrlich noch vieles mehr!<\/p>\n","protected":false},"excerpt":{"rendered":"<p><a class=\"button\" href=\"https:\/\/www.handmadekultur.de\/up\/magazin\/HANDMADE_Kultur_2012_02_web.pdf\" target=\"_blank\" rel=\"noopener\">Magazin Download<\/a><\/p>\n","protected":false},"featured_media":24916,"comment_status":"open","ping_status":"closed","template":"","meta":[],"product_brand":[],"product_cat":[37,17],"product_tag":[],"class_list":{"0":"post-20431","1":"product","2":"type-product","3":"status-publish","4":"has-post-thumbnail","6":"product_cat-download","7":"product_cat-einzelheft","9":"first","10":"instock","11":"taxable","12":"shipping-taxable","13":"product-type-simple"},"_links":{"self":[{"href":"https:\/\/www.handmadekultur.de\/shop\/wp-json\/wp\/v2\/product\/20431","targetHints":{"allow":["GET"]}}],"collection":[{"href":"https:\/\/www.handmadekultur.de\/shop\/wp-json\/wp\/v2\/product"}],"about":[{"href":"https:\/\/www.handmadekultur.de\/shop\/wp-json\/wp\/v2\/types\/product"}],"replies":[{"embeddable":true,"href":"https:\/\/www.handmadekultur.de\/shop\/wp-json\/wp\/v2\/comments?post=20431"}],"wp:featuredmedia":[{"embeddable":true,"href":"https:\/\/www.handmadekultur.de\/shop\/wp-json\/wp\/v2\/media\/24916"}],"wp:attachment":[{"href":"https:\/\/www.handmadekultur.de\/shop\/wp-json\/wp\/v2\/media?parent=20431"}],"wp:term":[{"taxonomy":"product_brand","embeddable":true,"href":"https:\/\/www.handmadekultur.de\/shop\/wp-json\/wp\/v2\/product_brand?post=20431"},{"taxonomy":"product_cat","embeddable":true,"href":"https:\/\/www.handmadekultur.de\/shop\/wp-json\/wp\/v2\/product_cat?post=20431"},{"taxonomy":"product_tag","embeddable":true,"href":"https:\/\/www.handmadekultur.de\/shop\/wp-json\/wp\/v2\/product_tag?post=20431"}],"curies":[{"name":"wp","href":"https:\/\/api.w.org\/{rel}","templated":true}]}}