{"id":26167,"date":"2013-10-22T18:05:47","date_gmt":"2013-10-22T16:05:47","guid":{"rendered":"http:\/\/www.handmadekultur.de\/shop\/?post_type=product&#038;p=26167"},"modified":"2024-10-23T18:24:06","modified_gmt":"2024-10-23T16:24:06","slug":"handmade-kultur-magazin-042013","status":"publish","type":"product","link":"https:\/\/www.handmadekultur.de\/shop\/produkt\/handmade-kultur-magazin-042013","title":{"rendered":"AUSVERKAUFT! Handmade Kultur Magazin 04\/2013"},"content":{"rendered":"<p><strong><span style=\"color: #ff0000;\">BITTE NICHT MEHR BESTELLEN. DIESE AUSGABE IST BEREITS AUSVERKAUFT!<\/span><\/strong><\/p>\n<p>Schenke selbst gemachte Unikate! Unter diesem Motto findest du in unserer neuen Ausgabe tolle Anregungen f\u00fcr Geschenke (nicht nur zu Weihnachten!), die wirklich Spa\u00df machen!<\/p>\n<h3>Unsere Anleitungen zum Nachmachen:<\/h3>\n<p><strong>\/\/ STRICKEN<\/strong><br \/>\n1. Eine <strong>One-Size-Strickjacke<\/strong> aus einem St\u00fcck. In Seersucker-Optik. Mit kompletter Strickschrift.<br \/>\n2. Eine <strong>M\u00fctze<\/strong> \u2013 super easy, weil sie nur aus zwei gestrickten Rechtecken besteht.<br \/>\n3. Die coolen <strong>Puschen<\/strong> vom Titel. Kann man solo und in Schuhen tragen! Mit Strickschrift und Grafik!<\/p>\n<p><strong>\/\/ DIY<\/strong><br \/>\n4. Ein <strong>Gl\u00fcckskeks<\/strong> aus Filz mit Gl\u00fcckbotschaft.<br \/>\n5. Ein <strong>Bastel-Utensilo<\/strong><\/p>\n<p><strong>\/\/ KINDER<\/strong><br \/>\n6. Wir basteln eine <strong>Pinata<\/strong> f\u00fcr den n\u00e4chsten Kindergeburtstag.<\/p>\n<p><strong>\/\/ UPCYCLING<\/strong><br \/>\n7. Ein <strong>Tetrapak-Lampenschirm<\/strong>. Sehr cool!<\/p>\n<p><strong>\/\/ N\u00c4HEN<\/strong><br \/>\n8. Ein <strong>Pullover<\/strong>, der aus einem Teil zugeschnitten wird. Leichter geht&#8217;s nicht. Hier zum <a title=\"Schnittmuster Pullover\" href=\"\/schnittmuster\/pullover-schnittmuster\">Pullover Schnittmuster<\/a> zum Download.<br \/>\n9. Ein <strong>Mantel<\/strong> mit Futter und Kapuze. Mit N\u00e4hanleitung im Magazin und <a title=\"Mantel Schnittmuster\" href=\"http:\/\/www.schnittchen.com\/shop\/de\/schnittmuster\/schnittmuster-jacken\/schnittmuster-johanna\">Mantel Schnittmuster<\/a> zum Downloaden auf schnittchen.com<br \/>\n10. Das <strong>Portemonnaie<\/strong> (hat uns so viel Spa\u00df gemacht, dass wir davon schon ganz viele gemacht haben.) Mit Tutorial und Schnittmuster im Magazin. (<a href=\"\/schnittmuster\/portemonnaie-schnittmuster\" target=\"_blank\" rel=\"noopener\">Portemonnaie Schnittmuster<\/a>)<br \/>\n11. Pattydoo entwirft f\u00fcr\u00a0 uns die N\u00e4hanleitung und ein Schnittmuster f\u00fcr einen <strong>Shopper<\/strong>, den ihr in vielen verschiedenen Varianten und Designs nacharbeiten k\u00f6nnt!<\/p>\n<p><strong>\/\/ WOHNEN<\/strong><br \/>\n12. Daniela, Katharina, die beiden D\u00f6rtes und Jeannette machten sich an das Thema: <strong>Teppiche, Vorleger &amp; L\u00e4ufer<\/strong>. Schaut euch an, was dabei herausgekommen ist!<\/p>\n<p><!--more--><\/p>\n<p>&nbsp;<\/p>\n<h3>Inhaltsverzeichnis<\/h3>\n<p>Und noch vieles mehr. Fahre mit der Maus \u00fcber das Inhaltsverzeichnis und zoome dich so ins Bild.<br \/>\n<strong><a class=\"zoom\" href=\"\/shop\/media\/04-05_Inhalt_Heft4_13_web.jpg\"><img loading=\"lazy\" decoding=\"async\" class=\"alignnone wp-image-26175 size-inhaltsverzeichnis\" src=\"\/shop\/media\/04-05_Inhalt_Heft4_13_web-700x445.jpg\" alt=\"Inhaltsverzeichnis Magazin 04 2013\" width=\"700\" height=\"445\" srcset=\"https:\/\/www.handmadekultur.de\/shop\/media\/04-05_Inhalt_Heft4_13_web-700x445.jpg 700w, https:\/\/www.handmadekultur.de\/shop\/media\/04-05_Inhalt_Heft4_13_web-416x265.jpg 416w, https:\/\/www.handmadekultur.de\/shop\/media\/04-05_Inhalt_Heft4_13_web-150x95.jpg 150w, https:\/\/www.handmadekultur.de\/shop\/media\/04-05_Inhalt_Heft4_13_web-300x191.jpg 300w, https:\/\/www.handmadekultur.de\/shop\/media\/04-05_Inhalt_Heft4_13_web-768x489.jpg 768w, https:\/\/www.handmadekultur.de\/shop\/media\/04-05_Inhalt_Heft4_13_web-1024x652.jpg 1024w, https:\/\/www.handmadekultur.de\/shop\/media\/04-05_Inhalt_Heft4_13_web-36x23.jpg 36w, https:\/\/www.handmadekultur.de\/shop\/media\/04-05_Inhalt_Heft4_13_web-220x140.jpg 220w, https:\/\/www.handmadekultur.de\/shop\/media\/04-05_Inhalt_Heft4_13_web-400x255.jpg 400w, https:\/\/www.handmadekultur.de\/shop\/media\/04-05_Inhalt_Heft4_13_web-32x20.jpg 32w\" sizes=\"auto, (max-width: 700px) 100vw, 700px\" \/><\/a><\/strong><\/p>\n<h3>Und sonst noch?<\/h3>\n<p>Kai-Uwe Scholz reist nach <strong>Estland<\/strong> und besucht dort vier Designerinnen. Schaut euch an, wie die Esten traditionelle Volkskunst modern adaptieren.<\/p>\n<p>Schnuppe von Gwinner war f\u00fcr HANDMADE Kultur in Birmingham bei <strong>Melanie Tomlinson<\/strong>. Die britische K\u00fcnsterlin fertigt Kleinode aus Wei\u00dfblech, die ihresgleichen suchen. Sehr dekorativ und trotzdem mit Botschaft!<\/p>\n<p>Andreas Kuntoff lie\u00df sich in Leipzig auf den neusten Stand bringen: Die <strong>Langspielplatte<\/strong> lebt wieder, auch wenn die Maschinen, die sie produzieren, nicht mehr hergestellt werden. Oder doch?<\/p>\n<p>Unsere <strong>Farbkolumne<\/strong> erscheint dieses Mal zum letzten Mal. &#8222;Silber&#8220; macht den Deckel drauf. Wir hoffen, es hat euch Spa\u00df gemacht.<\/p>\n<p>Birgit Kidd war mit Dirk Eisermann in Solingen und besuchte eine der letzten <strong>Kutten<\/strong>. Was das ist? Ihr erfahrt es in unserer Reportage: &#8222;Der Bender mit den Scherenh\u00e4nden.&#8220;<\/p>\n<p>Und nat\u00fcrlich gibt&#8217;s auch das: <strong>Lieblingsblogs<\/strong>, B\u00fccher, Blogstars, Ausbildungstrends, Kalender, DIY Freiburg und, und, und.<\/p>\n<p>Viel Spa\u00df damit w\u00fcnscht euch euer<br \/>\nHANDMADE Kultur Team.<\/p>\n","protected":false},"excerpt":{"rendered":"<p>Strickanleitung f\u00fcr eine M\u00fctze. N\u00e4hanleitung f\u00fcr Pullover. Warmhalter f\u00fcr die F\u00fc\u00dfe selber stricken. N\u00e4hanleitung f\u00fcr ein Portemonnaie mit Schnittmuster.<\/p>\n","protected":false},"featured_media":44579,"comment_status":"open","ping_status":"open","template":"","meta":[],"product_brand":[],"product_cat":[17],"product_tag":[],"class_list":{"0":"post-26167","1":"product","2":"type-product","3":"status-publish","4":"has-post-thumbnail","6":"product_cat-einzelheft","8":"first","9":"instock","10":"taxable","11":"shipping-taxable","12":"product-type-simple"},"_links":{"self":[{"href":"https:\/\/www.handmadekultur.de\/shop\/wp-json\/wp\/v2\/product\/26167","targetHints":{"allow":["GET"]}}],"collection":[{"href":"https:\/\/www.handmadekultur.de\/shop\/wp-json\/wp\/v2\/product"}],"about":[{"href":"https:\/\/www.handmadekultur.de\/shop\/wp-json\/wp\/v2\/types\/product"}],"replies":[{"embeddable":true,"href":"https:\/\/www.handmadekultur.de\/shop\/wp-json\/wp\/v2\/comments?post=26167"}],"wp:featuredmedia":[{"embeddable":true,"href":"https:\/\/www.handmadekultur.de\/shop\/wp-json\/wp\/v2\/media\/44579"}],"wp:attachment":[{"href":"https:\/\/www.handmadekultur.de\/shop\/wp-json\/wp\/v2\/media?parent=26167"}],"wp:term":[{"taxonomy":"product_brand","embeddable":true,"href":"https:\/\/www.handmadekultur.de\/shop\/wp-json\/wp\/v2\/product_brand?post=26167"},{"taxonomy":"product_cat","embeddable":true,"href":"https:\/\/www.handmadekultur.de\/shop\/wp-json\/wp\/v2\/product_cat?post=26167"},{"taxonomy":"product_tag","embeddable":true,"href":"https:\/\/www.handmadekultur.de\/shop\/wp-json\/wp\/v2\/product_tag?post=26167"}],"curies":[{"name":"wp","href":"https:\/\/api.w.org\/{rel}","templated":true}]}}