{"id":35412,"date":"2015-04-10T16:13:27","date_gmt":"2015-04-10T14:13:27","guid":{"rendered":"http:\/\/www.handmadekultur.de\/shop\/?post_type=product&#038;p=35412"},"modified":"2015-04-16T23:34:20","modified_gmt":"2015-04-16T21:34:20","slug":"schnittmuster-longsleeve","status":"publish","type":"product","link":"https:\/\/www.handmadekultur.de\/shop\/produkt\/schnittmuster-longsleeve","title":{"rendered":"Longsleeve Schnittmuster"},"content":{"rendered":"<p><img loading=\"lazy\" decoding=\"async\" class=\"alignnone size-inhaltsverzeichnis wp-image-35441\" src=\"\/shop\/media\/hkv_LongSleeve-shirt_web-2-700x1041.jpg\" alt=\"Longsleeve Shirt Schnittmuster\" width=\"700\" height=\"1041\" \/><\/p>\n<p><a href=\"\/shop\/media\/TZ-Longsleeve.png\"><img loading=\"lazy\" decoding=\"async\" class=\"alignnone wp-image-35437 size-shop_large\" src=\"\/shop\/media\/TZ-Longsleeve-400x195.png\" alt=\"TZ-Longsleeve\" width=\"400\" height=\"195\" \/><\/a><\/p>\n<p><b>Mehrgr\u00f6\u00dfenschnitt:<\/b> 36, 38, 40, 42, 44, 46, 48 und 50<br \/>\n<b>Stoffverbrauch f\u00fcr Jersey<\/b> (oder \u00e4hnlich dehnbarer Stoff): 150 cm bei 140 cm Stoffbreite<br \/>\n<b>Stoffverbrauch f\u00fcr transparenten Einsatz:<\/b> 40 x 80 cm<\/p>\n<p><span style=\"text-decoration: underline;\"><b>WICHTIG:<\/b><\/span> Wenn ihr das lang\u00e4rmelige T-Shirt ohne transparente Eins\u00e4tze n\u00e4hen wollt, m\u00fcsst ihr f\u00fcr den Stoffverbauch Jersey o. \u00e4. 180 cm bei 140 cm Stoffbreite kalkulieren.<\/p>\n<p>Kein \u00dcbertragen auf Schnittmusterpapier n\u00f6tig. Du kannst alle Schnittmuster-Teile direkt in deiner Gr\u00f6\u00dfe ausschneiden!<\/p>\n","protected":false},"excerpt":{"rendered":"<p>Easy Peasy, Teil 2: Bei diesem Longsleeve kann nichts schiefgehen. Einfach n\u00e4hen und anziehen. Jetzt auch als Schnittmuster zum Ausschneiden bis Gr. 50.<\/p>\n","protected":false},"featured_media":35543,"comment_status":"open","ping_status":"open","template":"","meta":[],"product_brand":[],"product_cat":[42],"product_tag":[],"class_list":{"0":"post-35412","1":"product","2":"type-product","3":"status-publish","4":"has-post-thumbnail","6":"product_cat-schnittmuster","8":"first","9":"instock","10":"taxable","11":"shipping-taxable","12":"product-type-simple"},"_links":{"self":[{"href":"https:\/\/www.handmadekultur.de\/shop\/wp-json\/wp\/v2\/product\/35412","targetHints":{"allow":["GET"]}}],"collection":[{"href":"https:\/\/www.handmadekultur.de\/shop\/wp-json\/wp\/v2\/product"}],"about":[{"href":"https:\/\/www.handmadekultur.de\/shop\/wp-json\/wp\/v2\/types\/product"}],"replies":[{"embeddable":true,"href":"https:\/\/www.handmadekultur.de\/shop\/wp-json\/wp\/v2\/comments?post=35412"}],"wp:featuredmedia":[{"embeddable":true,"href":"https:\/\/www.handmadekultur.de\/shop\/wp-json\/wp\/v2\/media\/35543"}],"wp:attachment":[{"href":"https:\/\/www.handmadekultur.de\/shop\/wp-json\/wp\/v2\/media?parent=35412"}],"wp:term":[{"taxonomy":"product_brand","embeddable":true,"href":"https:\/\/www.handmadekultur.de\/shop\/wp-json\/wp\/v2\/product_brand?post=35412"},{"taxonomy":"product_cat","embeddable":true,"href":"https:\/\/www.handmadekultur.de\/shop\/wp-json\/wp\/v2\/product_cat?post=35412"},{"taxonomy":"product_tag","embeddable":true,"href":"https:\/\/www.handmadekultur.de\/shop\/wp-json\/wp\/v2\/product_tag?post=35412"}],"curies":[{"name":"wp","href":"https:\/\/api.w.org\/{rel}","templated":true}]}}