{"id":39309,"date":"2016-01-21T18:05:25","date_gmt":"2016-01-21T17:05:25","guid":{"rendered":"http:\/\/www.handmadekultur.de\/shop\/?post_type=product&#038;p=39309"},"modified":"2016-08-22T17:55:43","modified_gmt":"2016-08-22T15:55:43","slug":"handmade-kultur-magazin-012016","status":"publish","type":"product","link":"https:\/\/www.handmadekultur.de\/shop\/produkt\/handmade-kultur-magazin-012016","title":{"rendered":"Handmade Kultur Magazin 01\/2016"},"content":{"rendered":"<p><b>Go!<\/b><br \/>\nDie neue HANDMADE Kultur mit den Starter-Ideen f\u00fcr 2016 ist da:<\/p>\n<h3>Anleitungen zum Selbermachen:<\/h3>\n<p><b>\/\/ N\u00c4HEN <\/b><em>(Mit <a href=\"\/gewinnspiel-kleid-schuerze_143005\" target=\"_blank\">Online-N\u00e4hcontest<\/a>)<\/em><br \/>\n1. Aufgesch\u00fcrzt. Die s\u00fc\u00dfe <strong>Backsch\u00fcrze<\/strong> von pattydoo. <em>Mit Schnittmuster im Heft.<\/em><br \/>\n2. Understatement. Das <strong>Kleid<\/strong> zum Ausgehen. <em>Mit Schnittmuster im Heft.<\/em><\/p>\n<p><b>\/\/ WOHNEN<\/b><br \/>\n3. Betoni. Ein <strong>Utensilo<\/strong> aus Wegwerfmaterialien.<br \/>\n4. Platz da! <strong>Schreibttischbord<\/strong> oder Garderobe. <em>Mit Bauanleitung.<\/em><br \/>\n5. Fossile Sch\u00f6nheiten. <strong>Magnete<\/strong> zum Anpinnen.<br \/>\n6. Erfrischungskur f\u00fcr die Kachel. <strong>Folien f\u00fcr die Wandfliese. <\/strong><em>Mit <a href=\"\/fliesenfolien\" target=\"_blank\">Kreativwettbewerb<\/a>.<\/em><br \/>\n7. Kugelholz. Drei Projekte aus <strong>Holzperlen<\/strong>.<\/p>\n<p><b>\/\/ GARN &amp; WOLLE<\/b><br \/>\n8. You may say I&#8217;m a dreamer. Eine <strong>bestickte<\/strong> Illustration. Mit Stickstichen.<br \/>\n9. Darknet. Ein <strong>Teppich<\/strong> aus Seil.<\/p>\n<p><b>\/\/ KINDER<\/b><br \/>\n10. Peng, peng! <strong>Troph\u00e4en<\/strong> aus Hausm\u00fcll.<\/p>\n<p><b>\/\/ BACKEN<\/b><br \/>\n11. Lisbeths backt. Ein <strong>Zitronengugl<\/strong> mit Rosensirup.<\/p>\n<p><!--more--><\/p>\n<h3>Und sonst noch?<\/h3>\n<p>Fahre mit der Maus \u00fcber das Inhaltsverzeichnis und zoome dich so ins Bild:<\/p>\n<p><a class=\"zoom\" href=\"\/shop\/media\/inhalt1_2016.jpg\" rel=\"attachment wp-att-39340\"><img loading=\"lazy\" decoding=\"async\" class=\"alignnone wp-image-39340 size-inhaltsverzeichnis\" src=\"\/shop\/media\/inhalt1_2016-700x434.jpg\" alt=\"Inhalt1_2016\" width=\"700\" height=\"434\" srcset=\"https:\/\/www.handmadekultur.de\/shop\/media\/inhalt1_2016-700x434.jpg 700w, https:\/\/www.handmadekultur.de\/shop\/media\/inhalt1_2016-416x258.jpg 416w, https:\/\/www.handmadekultur.de\/shop\/media\/inhalt1_2016-150x93.jpg 150w, https:\/\/www.handmadekultur.de\/shop\/media\/inhalt1_2016-300x186.jpg 300w, https:\/\/www.handmadekultur.de\/shop\/media\/inhalt1_2016-768x477.jpg 768w, https:\/\/www.handmadekultur.de\/shop\/media\/inhalt1_2016-1024x636.jpg 1024w, https:\/\/www.handmadekultur.de\/shop\/media\/inhalt1_2016-36x22.jpg 36w, https:\/\/www.handmadekultur.de\/shop\/media\/inhalt1_2016-220x137.jpg 220w, https:\/\/www.handmadekultur.de\/shop\/media\/inhalt1_2016-400x248.jpg 400w, https:\/\/www.handmadekultur.de\/shop\/media\/inhalt1_2016-32x20.jpg 32w, https:\/\/www.handmadekultur.de\/shop\/media\/inhalt1_2016.jpg 1247w\" sizes=\"auto, (max-width: 700px) 100vw, 700px\" \/><\/a><\/p>\n","protected":false},"excerpt":{"rendered":"<p>Mit <strong>zwei Schnittmustern<\/strong> f\u00fcr Kleid und Sch\u00fcrze im Heft<\/strong>.<\/p>\n","protected":false},"featured_media":39339,"comment_status":"open","ping_status":"closed","template":"","meta":[],"product_brand":[],"product_cat":[17],"product_tag":[],"class_list":{"0":"post-39309","1":"product","2":"type-product","3":"status-publish","4":"has-post-thumbnail","6":"product_cat-einzelheft","8":"first","9":"instock","10":"taxable","11":"shipping-taxable","12":"product-type-simple"},"_links":{"self":[{"href":"https:\/\/www.handmadekultur.de\/shop\/wp-json\/wp\/v2\/product\/39309","targetHints":{"allow":["GET"]}}],"collection":[{"href":"https:\/\/www.handmadekultur.de\/shop\/wp-json\/wp\/v2\/product"}],"about":[{"href":"https:\/\/www.handmadekultur.de\/shop\/wp-json\/wp\/v2\/types\/product"}],"replies":[{"embeddable":true,"href":"https:\/\/www.handmadekultur.de\/shop\/wp-json\/wp\/v2\/comments?post=39309"}],"wp:featuredmedia":[{"embeddable":true,"href":"https:\/\/www.handmadekultur.de\/shop\/wp-json\/wp\/v2\/media\/39339"}],"wp:attachment":[{"href":"https:\/\/www.handmadekultur.de\/shop\/wp-json\/wp\/v2\/media?parent=39309"}],"wp:term":[{"taxonomy":"product_brand","embeddable":true,"href":"https:\/\/www.handmadekultur.de\/shop\/wp-json\/wp\/v2\/product_brand?post=39309"},{"taxonomy":"product_cat","embeddable":true,"href":"https:\/\/www.handmadekultur.de\/shop\/wp-json\/wp\/v2\/product_cat?post=39309"},{"taxonomy":"product_tag","embeddable":true,"href":"https:\/\/www.handmadekultur.de\/shop\/wp-json\/wp\/v2\/product_tag?post=39309"}],"curies":[{"name":"wp","href":"https:\/\/api.w.org\/{rel}","templated":true}]}}