{"id":44928,"date":"2021-03-14T00:34:33","date_gmt":"2021-03-13T23:34:33","guid":{"rendered":"https:\/\/www.handmadekultur.de\/shop\/?post_type=product&#038;p=44928"},"modified":"2021-03-14T18:33:36","modified_gmt":"2021-03-14T17:33:36","slug":"yoga-bustier-und-leggins-gertje-mit-schnittmuster","status":"publish","type":"product","link":"https:\/\/www.handmadekultur.de\/shop\/produkt\/yoga-bustier-und-leggins-gertje-mit-schnittmuster","title":{"rendered":"Yoga Bustier und Leggins Gertje (Anleitung mit Schnittmuster)"},"content":{"rendered":"<p>Das ben\u00f6tigt ihr:<\/p>\n<p><strong>Material<\/strong><\/p>\n<p>f\u00fcr den Bustier:<\/p>\n<ul>\n<li>Ober- bzw. Funktionsstoff: 70 cm\u2009x\u200970\u2009cm<\/li>\n<li>Jersey f\u00fcr Innenstoff: 25 cm\u2009x\u200930\u2009cm<\/li>\n<li>Gummiband: 2,5\u2009cm breit (L\u00e4nge = eigener Unterbrustumfang)<\/li>\n<\/ul>\n<p>f\u00fcr die Leggins (mit Zwickel!):<\/p>\n<ul>\n<li>Ober- bzw. Funktionsstoff: 120\u2009cm lang bei 140 cm Stoffbreite<\/li>\n<li>Jersey f\u00fcr Innenstoff: 35\u2009cm\u2009x\u200960\u2009cm<\/li>\n<li>Gummiband: 2,5\u2009cm breit (L\u00e4nge = eigener Taillenumfang\/TU)<\/li>\n<\/ul>\n<p><strong>Sonstiges<\/strong><\/p>\n<ul>\n<li>N\u00e4hmaschine<\/li>\n<li>ggf. Overlockmaschine<\/li>\n<li>Jersey-Zwillingsnadel<\/li>\n<li>Jersey-Nadel<\/li>\n<li>Schere<\/li>\n<li>Clips oder Stecknadel<\/li>\n<\/ul>\n<p><em>Schnittmuster und Anleitung stehen dir als separate PDFs nach Abschluss des Bezahlvorganges sofort als Download zur Verf\u00fcgung.<\/em><\/p>\n","protected":false},"excerpt":{"rendered":"<p>Schneidere dir dein eigenes <strong>Sport-Outfit<\/strong> und du wirst sehen, es sitzt wie eine zweite Haut und meistert m\u00fche\u00adlos jede \u00dcbung. <strong>F\u00fcr Yogis, L\u00e4ufer, T\u00e4nzer,\u00ad Kletterer <\/strong>und alle, die sich wieder sp\u00fcren wollen!<\/p>\n<p><strong>Gr\u00f6\u00dfen: XS bis XXL<\/strong><\/p>\n<p><strong>Schwierigkeitsgrad: ***<\/strong>\/**<\/p>\n","protected":false},"featured_media":45049,"comment_status":"open","ping_status":"closed","template":"","meta":[],"product_brand":[],"product_cat":[272,210,233,42,273,274],"product_tag":[275,276,277,278,279,255,280,281],"class_list":{"0":"post-44928","1":"product","2":"type-product","3":"status-publish","4":"has-post-thumbnail","6":"product_cat-bustier","7":"product_cat-damen-schnittmuster","8":"product_cat-hosen","9":"product_cat-schnittmuster","10":"product_cat-sportkleidung","11":"product_cat-unterwaesche","12":"product_tag-bustier-sportleggins","13":"product_tag-leggings","14":"product_tag-schnittmuster-bustier","15":"product_tag-schnittmuster-leggins","16":"product_tag-schnittmuster-yoga","17":"product_tag-selbernaehen","18":"product_tag-sport-bh","19":"product_tag-yoga-bh","21":"first","22":"instock","23":"downloadable","24":"virtual","25":"taxable","26":"purchasable","27":"product-type-simple"},"_links":{"self":[{"href":"https:\/\/www.handmadekultur.de\/shop\/wp-json\/wp\/v2\/product\/44928","targetHints":{"allow":["GET"]}}],"collection":[{"href":"https:\/\/www.handmadekultur.de\/shop\/wp-json\/wp\/v2\/product"}],"about":[{"href":"https:\/\/www.handmadekultur.de\/shop\/wp-json\/wp\/v2\/types\/product"}],"replies":[{"embeddable":true,"href":"https:\/\/www.handmadekultur.de\/shop\/wp-json\/wp\/v2\/comments?post=44928"}],"wp:featuredmedia":[{"embeddable":true,"href":"https:\/\/www.handmadekultur.de\/shop\/wp-json\/wp\/v2\/media\/45049"}],"wp:attachment":[{"href":"https:\/\/www.handmadekultur.de\/shop\/wp-json\/wp\/v2\/media?parent=44928"}],"wp:term":[{"taxonomy":"product_brand","embeddable":true,"href":"https:\/\/www.handmadekultur.de\/shop\/wp-json\/wp\/v2\/product_brand?post=44928"},{"taxonomy":"product_cat","embeddable":true,"href":"https:\/\/www.handmadekultur.de\/shop\/wp-json\/wp\/v2\/product_cat?post=44928"},{"taxonomy":"product_tag","embeddable":true,"href":"https:\/\/www.handmadekultur.de\/shop\/wp-json\/wp\/v2\/product_tag?post=44928"}],"curies":[{"name":"wp","href":"https:\/\/api.w.org\/{rel}","templated":true}]}}